3013 (base 5) in base 6?
412005231
110110100000010110 (base 2) to base 6
4441330
Convert -12021303100 (base 4) to base 9.
-3027561
What is -41246105 (base 7) in base 5?
-1341112101
220000122210 (base 3) to base 7
4006431
-468503 (base 9) to base 7
-2252403
665925 (base 12) to base 4
12031103231
-121000245 (base 7) to base 12
-2631543
33324 (base 12) to base 14
1aa28
What is 1011011001001101000011 (base 2) in base 8?
13311503
What is -1010110111101011 (base 2) in base 5?
-2411043
1011002010002 (base 3) to base 10
611714
Convert -12463560 (base 9) to base 4.
-113113020123
-48067 (base 14) to base 11
-110014
Convert 8916a3 (base 13) to base 9.
6063657
What is -905763 (base 12) in base 9?
-4207303
Convert -2413463 (base 8) to base 16.
-a1733
Convert 7e2900 (base 16) to base 5.
4104034112
What is -1000100111100101111001 (base 2) in base 7?
-25126641
-1013131313 (base 4) to base 2
-1000111011101110111
Convert 13142 (base 8) to base 10.
5730
What is -88da8c (base 15) in base 7?
-106320663
22312133311 (base 4) to base 6
140545421
2002121133 (base 4) to base 3
1000010122220
Convert -11ca756 (base 14) to base 4.
-200221022320
-3363 (base 7) to base 3
-1200020
Convert 9071338 (base 11) to base 8.
75160217
What is -1202101202 (base 4) in base 7?
-3264362
-b095de (base 16) to base 6
-1052013154
What is 4a23 (base 11) in base 2?
1100110011111
What is 200122212110212 (base 3) in base 13?
2093252
What is 2244001002 (base 5) in base 12?
1841917
-22222002010 (base 4) to base 3
-12020221002211
Convert -3031343 (base 5) to base 3.
-2111011211
-ee1b33 (base 15) to base 2
-101011010001111111101010
Convert -10101010011011001 (base 2) to base 3.
-11102200202
Convert 5358b5 (base 12) to base 5.
314110142
Convert 10110101110111011110111 (base 2) to base 8.
26567367
What is -332333102 (base 4) in base 9?
-432818
421313400 (base 6) to base 12
2565860
5140100 (base 6) to base 8
741004
-c5e596 (base 16) to base 8
-61362626
Convert 312122012 (base 4) to base 2.
110110011010000110
Convert 1234763 (base 8) to base 12.
14626b
What is -249751 (base 13) in base 15?
-125187
What is 13d362 (base 16) in base 15?
1a9e9d
What is 2567347 (base 10) in base 7?
30551656
What is -30405445 (base 6) in base 3?
-1122022101102
Convert 1b6b31 (base 12) to base 7.
4104262
-7c078 (base 14) to base 5
-34130241
-111112022000122 (base 3) to base 12
-24a8b68
Convert -cf05d (base 16) to base 10.
-847965
What is -33115000 (base 6) in base 11?
-616825
Convert -16461016 (base 7) to base 14.
-2dd37d
Convert 32250526 (base 9) to base 11.
886a892
2727926 (base 10) to base 15
38d41b
Convert -81268 (base 11) to base 14.
-313dd
2616904 (base 12) to base 8
34463224
Convert -2167220 (base 10) to base 3.
-11002002212102
Convert -113111313 (base 4) to base 5.
-11024412
What is -114355200 (base 6) in base 14?
-4095ba
Convert -102300000332 (base 4) to base 13.
-1031351
What is -24ec3 (base 16) in base 13?
-53ab6
118215 (base 11) to base 3
100110222001
Convert -644563 (base 14) to base 8.
-14742213
What is 7357160 (base 8) in base 7?
22431651
-319722 (base 11) to base 16
-7cab4
bb415 (base 12) to base 5
30411242
What is -11131003 (base 5) in base 8?
-301076
What is 13336530 (base 7) in base 2?
100101101110111010110
What is -504366 (base 8) in base 9?
-272803
4c7e3 (base 15) to base 7
2036445
Convert 15117 (base 9) to base 15.
30bd
Convert 222021202022 (base 3) to base 10.
517409
Convert 6cad7 (base 15) to base 12.
14877a
Convert 315498 (base 10) to base 3.
121000210010
Convert 7705 (base 10) to base 4.
1320121
What is 2100202020 (base 3) in base 6?
555053
-4142301 (base 5) to base 4
-100231203
Convert -5048623 (base 10) to base 8.
-23204457
Convert 111001011011110001101 (base 2) to base 11.
1075a77
What is c6314 (base 14) in base 9?
807700
What is -2498948 (base 12) in base 8?
-33262110
What is 1798464 (base 10) in base 5?
430022324
Convert -cca5 (base 14) to base 7.
-205165
Convert -110404201 (base 5) to base 8.
-1655011
-201120020201 (base 3) to base 5
-44310333
1221241213 (base 5) to base 3
12111002212202
1000101110111011000 (base 2) to base 6
10044504
89327 (base 15) to base 5
102423322
-2270475 (base 8) to base 7
-5155056
-202211120212122 (base 3) to base 12
-386028b
What is 133316 (base 13) in base 16?
714dd
Convert -2ab8494 (base 12) to base 2.
-100001001100101110110000
What is -43206a (base 12) in base 6?
-34424214
Convert -921007 (base 13) to base 4.
-30332110003
What is 756324 (base 9) in base 4?
1232003203
1364785 (base 11) to base 8
10753430
Convert 22380424 (base 9) to base 2.
101001011011000100110001
What is -43850 (base 11) in base 4?
-33201130
1338122 (base 9) to base 14
1517d2
-3212400 (base 6) to base 4
-212123100
Convert -110332133021 (base 4) to base 14.
-a31d33
-5c4268 (base 15) to base 7
-52361462
Convert 576bed (base 15) to base 4.
33323011312
Convert -10000111001001100001011 (base 2) to base 4.
-100321030023
Convert ae8a8 (base 16) to base 11.
449148
Convert a17610 (base 15) to base 6.
432214153
What is 20785a (base 13) in base 16?
b9660
Convert 2331121333 (base 4) to base 5.
144311212
What is 702a (base 11) in base 5?
244344
What is -1100100000001011100 (base 2) in base 8?
-1440134
What is 93124c (base 15) in base 16?
6aa943
Convert 23210120 (base 4) to base 16.
b918
Convert -152244 (base 9) to base 16.
-16d4a
What is -3450302 (base 6) in base 8?
-532776
Convert 3825aa (base 11) to base 7.
5062652
145d11c (base 14) to base 8
45631106
-8652414 (base 9) to base 16
-46cea6
Convert 3167035 (base 9) to base 5.
413312443
Convert -11237 (base 10) to base 7.
-44522
Convert 63060 (base 9) to base 11.
29295
Convert 101211 (base 7) to base 15.
51a6
What is -200055 (base 9) in base 5?
-12240043
What is -2604026 (base 7) in base 13?
-ba830
Convert -38068 (base 9) to base 4.
-12033221
Convert 789a41 (base 13) to base 10.
2849055
What is -1100001010001110101100 (base 2) in base 10?
-3187628
What is 287aa (base 13) in base 8?
224365
-221683 (base 9) to base 13
-48411
What is -6bc507 (base 13) in base 5?
-1124203040
Convert -32001020 (base 6) to base 4.
-3203313210
What is 4323326 (base 9) in base 5?
1043142422
Convert -31411421 (base 5) to base 16.
-404c1
-17fb45 (base 16) to base 10
-1571653
What is 100021011101 (base 3) in base 14?
4a664
Convert -4130059 (base 10) to base 16.
-3f050b
Convert -111300223321 (base 4) to base 7.
-66326011
What is -213203144 (base 5) in base 4?
-3132320130
What is -818285 (base 9) in base 10?
-485024
1101011010000101111 (base 2) to base 6
13225555
1017b52 (base 12) to base 2
1011100001011010101110
Convert 12517322 (base 9) to base 6.
335514115
-1cc910 (base 13) to base 5
-142220143
3033030 (base 6) to base 4
203102022
Convert 302437 (base 9) to base 16.
2bb13
-101000010100110001 (base 2) to base 8
-502461
Convert 1011001100110101110011 (base 2) to base 15.
3ceea4
-11100010100110000100 (base 2) to base 14
-1a2352
-99e4 (base 15) to base 11
-2255a
What is -79816 (base 11) in base 8?
-341373
-18882 (base 9) to base 13
-5c7b
Convert 464160 (base 8) to base 14.
41720
What is 1000100000010011100010 (base 2) in base 11?
1293045
Convert -170d4 (base 15) to base 14.
-1d1bb
-12201011001 (base 3) to base 14
-2cd4b
-4134424 (base 6) to base 5
-22334222
1202332111 (base 4) to base 8
1427625
What is 3591140 (base 10) in base 11?
2033093
What is 3513241 (base 6) in base 7?
1352242
Convert 18888 (base 10) to base 3.
221220120
Convert -20234230 (base 5) to base 12.
-7b550
Convert -10026455 (base 7) to base 2.
-11001010110010101111
What is 175556 (base 15) in base 16?
114537
Convert -17073188 (base 10) to base 14.
-23a6016
12250447 (base 8) to base 11
158a412
Convert 29c098 (base 15) to base 16.
1ebf2a
What is 31a86 (base 12) in base 4?
33333012
Convert 3323240 (base 9) to base 3.
10100210021100
What is -1087a6 (base 13) in base 10?
-390188
What is -700311 (base 8) in base 12?
-b0a35
-1120363 (base 7) to base 11
-95853
-a4b6c (base 15) to base 16
-7f857
What is 5472668 (base 11) in base 8?
44515426
Convert -11011100010101001100 (base 2) to base 8.
-3342514
What is 1560735 (base 10) in base 6?
53241343
Convert 342515 (base 6) to base 8.
70717
d81a (base 14) to base 9
56104
Convert -76d417 (base 16) to base 7.
-123123131
-b6595 (base 13) to base 4
-1100022000
What is 476364 (base 9) in base 